{"id":334,"date":"2024-02-14T15:29:19","date_gmt":"2024-02-14T14:29:19","guid":{"rendered":"https:\/\/frenchtech-artois.fr\/?page_id=334"},"modified":"2024-02-14T15:42:55","modified_gmt":"2024-02-14T14:42:55","slug":"contacts","status":"publish","type":"page","link":"https:\/\/frenchtech-artois.fr\/index.php\/contacts\/","title":{"rendered":"CONTACTS"},"content":{"rendered":"\t\t<div data-elementor-type=\"wp-page\" data-elementor-id=\"334\" class=\"elementor elementor-334\">\n\t\t\t\t\t\t\t\t\t<section class=\"elementor-section elementor-top-section elementor-element elementor-element-17a3921 elementor-section-boxed elementor-section-height-default elementor-section-height-default\" data-id=\"17a3921\" data-element_type=\"section\">\n\t\t\t\t\t\t<div class=\"elementor-container elementor-column-gap-default\">\n\t\t\t\t\t<div class=\"elementor-column elementor-col-100 elementor-top-column elementor-element elementor-element-c0f1836\" data-id=\"c0f1836\" data-element_type=\"column\">\n\t\t\t<div class=\"elementor-widget-wrap elementor-element-populated\">\n\t\t\t\t\t\t\t\t<div class=\"elementor-element elementor-element-95332e4 elementor-button-align-center elementor-widget elementor-widget-bdt-contact-form\" data-id=\"95332e4\" data-element_type=\"widget\" data-widget_type=\"bdt-contact-form.default\">\n\t\t\t\t<div class=\"elementor-widget-container\">\n\t\t\t\t\t<div class=\"bdt-contact-form bdt-contact-form-skin-default\">\r\n\t\t\t<div class=\"elementor-form-fields-wrapper\">\r\n\t\t\t\t\t\t<div class=\"bdt-contact-form-wrapper\">\r\n\t\t\t<form class=\"bdt-contact-form-form bdt-form-stacked bdt-grid bdt-grid-small without-recaptcha\" data-bdt-grid=\"\" action=\"https:\/\/frenchtech-artois.fr\/wp-admin\/admin-ajax.php\" method=\"post\">\r\n\r\n\t\t\t\t\r\n\t\t\t\t\t<div class=\"bdt-field-group elementor-field-required bdt-width-1-1\">\r\n\t\t\t\t\t\t<label for=\"user_name95332e4\" class=\"bdt-form-label\">Nom Pr\u00e9nom<\/label><div class=\"bdt-form-controls\"><input type=\"text\" name=\"name\" id=\"user_name95332e4\" placeholder=\"Jean Dupont\" class=\"bdt-input bdt-form-default\" required =\"required\"><\/div>\t\t\t\t\t<\/div>\r\n\r\n\t\t\t\t\t<div class=\"bdt-field-group elementor-field-required bdt-width-1-1\">\r\n\t\t\t\t\t\t<label for=\"email95332e4\" class=\"bdt-form-label\">Adresse mail<\/label><div class=\"bdt-form-controls\"><input type=\"email\" name=\"email\" id=\"email95332e4\" placeholder=\"Votre adresse mail\" class=\"bdt-input bdt-form-default\" required=\"required\"><\/div>\t\t\t\t\t<\/div>\r\n\r\n\t\t\t\t\t\t\t\t\t\t\t<div class=\"bdt-field-group bdt-width-1-1 elementor-field-required\">\r\n\t\t\t\t\t\t\t<label for=\"contact95332e4\" class=\"bdt-form-label\">Num\u00e9ro de t\u00e9l\u00e9phone<\/label><div class=\"bdt-form-controls\"><input type=\"tel\" name=\"contact\" id=\"contact95332e4\" placeholder=\"Portable\" class=\"bdt-input bdt-form-default\"><\/div>\t\t\t\t\t\t<\/div>\r\n\t\t\t\t\t\r\n\t\t\t\t\t\t\t\t\t\t\t<div class=\"bdt-field-group bdt-width-1-1 elementor-field-required\">\r\n\t\t\t\t\t\t\t<label for=\"subject95332e4\" class=\"bdt-form-label\">Objet<\/label><div class=\"bdt-form-controls\"><input type=\"text\" name=\"subject\" id=\"subject95332e4\" placeholder=\"Votre objet\" class=\"bdt-input bdt-form-default\" required=\"required\"><\/div>\t\t\t\t\t\t<\/div>\r\n\t\t\t\t\t\r\n\t\t\t\t\t\r\n\t\t\t\t\t\t\t\t\t\t\t<div class=\"bdt-field-group bdt-width-1-1 elementor-field-required\">\r\n\t\t\t\t\t\t\t<label for=\"message95332e4\" class=\"bdt-form-label\"><\/label><div class=\"bdt-form-controls\"><textarea name=\"message\" id=\"message95332e4\" rows=\"10\" placeholder=\"Votre message\" class=\"bdt-textarea bdt-form-default\" required=\"required\"><\/textarea><\/div>\t\t\t\t\t\t<\/div>\r\n\t\t\t\t\t\r\n\t\t\t\t\t\r\n\r\n\t\t\t\t\t\r\n\t\t\t\t\t\r\n\t\t\t\t\t<input type=\"hidden\" class=\"widget_id\" name=\"widget_id\" value=\"95332e4\" \/>\r\n\t\t\t\t\t<input type=\"hidden\" name=\"bdt-sf-95332e4\" value=\"true\" \/>\r\n\t\t\t\t\t<input type=\"hidden\" class=\"page_id\" name=\"page_id\" value=\"334\" \/>\r\n\r\n\t\t\t\t\t<div class=\"elementor-field-type-submit bdt-field-group bdt-flex bdt-width-1-1\">\r\n\t\t\t\t\t\t<button type=\"submit\" class=\"bdt-button-large elementor-button bdt-button bdt-button-primary\" name=\"submit\">\r\n\t\t\t\t\t\t\t\t\t\t\t\t\t\t\t<span>Envoyer<\/span>\r\n\t\t\t\t\t\t\t\t\t\t\t\t\t<\/button>\r\n\t\t\t\t\t<\/div>\r\n\r\n\t\t\t\t\t<input name=\"_wpnonce\" value=\"fb804e27be\" type=\"hidden\">\r\n\r\n\t\t\t\t\t<input type=\"hidden\" name=\"action\" value=\"element_pack_contact_form\" \/>\r\n\r\n\t\t\t\t\t\r\n\t\t\t<\/form>\r\n\t\t<\/div>\r\n\t\t\t<\/div>\r\n\t\t<\/div>\r\n\t\t\t<\/div>\n\t\t\t\t<\/div>\n\t\t\t\t\t<\/div>\n\t\t<\/div>\n\t\t\t\t\t\t\t<\/div>\n\t\t<\/section>\n\t\t\t\t\t\t\t<\/div>\n\t\t","protected":false},"excerpt":{"rendered":"<p>Nom Pr\u00e9nom Adresse mail Num\u00e9ro de t\u00e9l\u00e9phone Objet Envoyer<\/p>\n","protected":false},"author":1,"featured_media":0,"parent":0,"menu_order":0,"comment_status":"closed","ping_status":"closed","template":"","meta":{"footnotes":""},"class_list":["post-334","page","type-page","status-publish","hentry","entry"],"_links":{"self":[{"href":"https:\/\/frenchtech-artois.fr\/index.php\/wp-json\/wp\/v2\/pages\/334","targetHints":{"allow":["GET"]}}],"collection":[{"href":"https:\/\/frenchtech-artois.fr\/index.php\/wp-json\/wp\/v2\/pages"}],"about":[{"href":"https:\/\/frenchtech-artois.fr\/index.php\/wp-json\/wp\/v2\/types\/page"}],"author":[{"embeddable":true,"href":"https:\/\/frenchtech-artois.fr\/index.php\/wp-json\/wp\/v2\/users\/1"}],"replies":[{"embeddable":true,"href":"https:\/\/frenchtech-artois.fr\/index.php\/wp-json\/wp\/v2\/comments?post=334"}],"version-history":[{"count":7,"href":"https:\/\/frenchtech-artois.fr\/index.php\/wp-json\/wp\/v2\/pages\/334\/revisions"}],"predecessor-version":[{"id":343,"href":"https:\/\/frenchtech-artois.fr\/index.php\/wp-json\/wp\/v2\/pages\/334\/revisions\/343"}],"wp:attachment":[{"href":"https:\/\/frenchtech-artois.fr\/index.php\/wp-json\/wp\/v2\/media?parent=334"}],"curies":[{"name":"wp","href":"https:\/\/api.w.org\/{rel}","templated":true}]}}